{"id":29,"date":"2020-12-21T10:11:07","date_gmt":"2020-12-21T09:11:07","guid":{"rendered":"http:\/\/www.bouchonsaplumes.com\/?page_id=29"},"modified":"2020-12-21T14:52:56","modified_gmt":"2020-12-21T13:52:56","slug":"vous-savez-sans-doute-quautour-du-pic-st-loup-on-trouve-de-nombreux-bouchons-de-liege-figurez-vous-que-certains-dentre-eux-nont-rien-a-voir-avec-le-vin-ils-portent-d","status":"publish","type":"page","link":"http:\/\/www.bouchonsaplumes.com\/","title":{"rendered":"Pr\u00e9sentation"},"content":{"rendered":"\n<p>Vous savez sans doute qu\u2019autour du Pic St Loup on trouve de nombreux bouchons de li\u00e8ge\u2026<\/p>\n\n\n\n<p>Figurez vous que certains d\u2019entre eux n\u2019ont rien \u00e0 voir avec le vin. <\/p>\n\n\n\n<p>Ils portent d\u2019\u00e9tranges plumes et pire encore\u2026ils volent !<\/p>\n\n\n\n<figure class=\"wp-block-image size-large\"><img loading=\"lazy\" decoding=\"async\" width=\"960\" height=\"800\" src=\"http:\/\/www.bouchonsaplumes.com\/wp-content\/uploads\/2020\/12\/badminton-st-mathieu-de-treviers-herault4.jpg\" alt=\"\" class=\"wp-image-46\" srcset=\"http:\/\/www.bouchonsaplumes.com\/wp-content\/uploads\/2020\/12\/badminton-st-mathieu-de-treviers-herault4.jpg 960w, http:\/\/www.bouchonsaplumes.com\/wp-content\/uploads\/2020\/12\/badminton-st-mathieu-de-treviers-herault4-300x250.jpg 300w, http:\/\/www.bouchonsaplumes.com\/wp-content\/uploads\/2020\/12\/badminton-st-mathieu-de-treviers-herault4-768x640.jpg 768w\" sizes=\"auto, (max-width: 767px) 89vw, (max-width: 1000px) 54vw, (max-width: 1071px) 543px, 580px\" \/><\/figure>\n\n\n\n<p>Bienvenue sur le site du Club de Badminton de Saint-Mathieu de Tr\u00e9viers.<\/p>\n\n\n\n<p>L&rsquo;Association de Badminton de St Mathieu de Tr\u00e9viers (ABSMT) a \u00e9t\u00e9 cr\u00e9\u00e9e en janvier 2001. <\/p>\n\n\n\n<p>Elle accueille aujourd&rsquo;hui une soixantaine de membres.<\/p>\n\n\n\n<h1 class=\"wp-block-heading\">Objet de l&rsquo;association<\/h1>\n\n\n\n<p>&#8211; Contribuer au d\u00e9veloppement et \u00e0 la d\u00e9mocratisation de l&rsquo;acc\u00e8s \u00e0 la pratique, libre ou sportive, du badminton. <\/p>\n\n\n\n<p>&#8211; Promouvoir des pratiques associatives conviviales et citoyennes.<\/p>\n\n\n\n<h1 class=\"wp-block-heading\">Le bureau actuel<\/h1>\n\n\n\n<figure class=\"wp-block-table\"><table><tbody><tr><td>Pr\u00e9sident :<br>Denis FABRE<br><\/td><td><\/td><td><img loading=\"lazy\" decoding=\"async\" width=\"100\" height=\"115\" class=\"wp-image-13\" style=\"width: 100px;\" src=\"http:\/\/www.bouchonsaplumes.com\/wp-content\/uploads\/2020\/12\/DENIS.jpg\" alt=\"\"><\/td><td><\/td><td>Vice-Pr\u00e9sident :<br>Sylvain DELABARRE<\/td><td><\/td><td><img loading=\"lazy\" decoding=\"async\" width=\"100\" height=\"114\" class=\"wp-image-17\" style=\"width: 100px;\" src=\"http:\/\/www.bouchonsaplumes.com\/wp-content\/uploads\/2020\/12\/sylvain.jpg\" alt=\"\"><\/td><\/tr><tr><td>Secr\u00e9taire :<br>Nathalie GOAVEC<\/td><td><\/td><td><img loading=\"lazy\" decoding=\"async\" width=\"100\" height=\"114\" class=\"wp-image-15\" style=\"width: 100px;\" src=\"http:\/\/www.bouchonsaplumes.com\/wp-content\/uploads\/2020\/12\/nathalie.jpg\" alt=\"\"><\/td><td><\/td><td>Secr\u00e9taire Adjoint :<br>Romain DESPREZ<\/td><td><\/td><td><img loading=\"lazy\" decoding=\"async\" width=\"100\" height=\"114\" class=\"wp-image-16\" style=\"width: 100px;\" src=\"http:\/\/www.bouchonsaplumes.com\/wp-content\/uploads\/2020\/12\/romain.jpg\" alt=\"\"><\/td><\/tr><tr><td>Tr\u00e9sori\u00e8re :<br>Laura MAUPOIX<\/td><td><\/td><td><\/td><td><\/td><td>Tr\u00e9sorier Adjoint :<br>Jean-Paul DOUYLLIEZ<\/td><td><\/td><td><img loading=\"lazy\" decoding=\"async\" width=\"100\" height=\"129\" class=\"wp-image-14\" style=\"width: 100px;\" src=\"http:\/\/www.bouchonsaplumes.com\/wp-content\/uploads\/2020\/12\/jpd.jpg\" alt=\"\"><\/td><\/tr><\/tbody><\/table><\/figure>\n","protected":false},"excerpt":{"rendered":"<p>Vous savez sans doute qu\u2019autour du Pic St Loup on trouve de nombreux bouchons de li\u00e8ge\u2026 Figurez vous que certains d\u2019entre eux n\u2019ont rien \u00e0 voir avec le vin. Ils portent d\u2019\u00e9tranges plumes et pire encore\u2026ils volent ! Bienvenue sur le site du Club de Badminton de Saint-Mathieu de Tr\u00e9viers. L&rsquo;Association de Badminton de St &hellip; <\/p>\n<p class=\"link-more\"><a href=\"http:\/\/www.bouchonsaplumes.com\/\" class=\"more-link\">Continuer la lecture<span class=\"screen-reader-text\"> de &laquo;&nbsp;Pr\u00e9sentation&nbsp;&raquo;<\/span><\/a><\/p>\n","protected":false},"author":1,"featured_media":0,"parent":0,"menu_order":0,"comment_status":"closed","ping_status":"closed","template":"","meta":{"footnotes":""},"class_list":["post-29","page","type-page","status-publish","hentry"],"_links":{"self":[{"href":"http:\/\/www.bouchonsaplumes.com\/index.php\/wp-json\/wp\/v2\/pages\/29","targetHints":{"allow":["GET"]}}],"collection":[{"href":"http:\/\/www.bouchonsaplumes.com\/index.php\/wp-json\/wp\/v2\/pages"}],"about":[{"href":"http:\/\/www.bouchonsaplumes.com\/index.php\/wp-json\/wp\/v2\/types\/page"}],"author":[{"embeddable":true,"href":"http:\/\/www.bouchonsaplumes.com\/index.php\/wp-json\/wp\/v2\/users\/1"}],"replies":[{"embeddable":true,"href":"http:\/\/www.bouchonsaplumes.com\/index.php\/wp-json\/wp\/v2\/comments?post=29"}],"version-history":[{"count":9,"href":"http:\/\/www.bouchonsaplumes.com\/index.php\/wp-json\/wp\/v2\/pages\/29\/revisions"}],"predecessor-version":[{"id":137,"href":"http:\/\/www.bouchonsaplumes.com\/index.php\/wp-json\/wp\/v2\/pages\/29\/revisions\/137"}],"wp:attachment":[{"href":"http:\/\/www.bouchonsaplumes.com\/index.php\/wp-json\/wp\/v2\/media?parent=29"}],"curies":[{"name":"wp","href":"https:\/\/api.w.org\/{rel}","templated":true}]}}